divisor of 1406 and 74?
74
What is the highest common divisor of 135 and 5?
5
What is the greatest common divisor of 119 and 71757?
119
What is the greatest common divisor of 120 and 75?
15
Calculate the greatest common factor of 1323 and 630.
63
What is the highest common divisor of 52 and 44?
4
Calculate the highest common factor of 196 and 56.
28
What is the highest common factor of 44 and 8866?
22
What is the highest common factor of 11122 and 166?
166
What is the greatest common divisor of 10125 and 525?
75
What is the highest common divisor of 669 and 6?
3
Calculate the greatest common divisor of 1386 and 4536.
126
Calculate the highest common factor of 5 and 34795.
5
Calculate the greatest common factor of 2167 and 44.
11
Calculate the greatest common divisor of 2139 and 69.
69
Calculate the highest common factor of 52097 and 118.
59
What is the highest common factor of 294 and 6?
6
Calculate the highest common divisor of 82 and 533.
41
What is the greatest common factor of 11 and 583?
11
Calculate the highest common factor of 906 and 24.
6
Calculate the highest common divisor of 1960 and 1624.
56
Calculate the greatest common factor of 182 and 26.
26
Calculate the greatest common divisor of 882 and 342.
18
What is the highest common divisor of 124 and 8?
4
What is the highest common factor of 2 and 11?
1
Calculate the greatest common factor of 15 and 65.
5
Calculate the highest common factor of 2198 and 14.
14
Calculate the highest common factor of 68 and 1292.
68
Calculate the greatest common factor of 9 and 22.
1
Calculate the highest common factor of 4937 and 1.
1
Calculate the highest common divisor of 1275 and 300.
75
What is the highest common divisor of 276 and 759?
69
Calculate the greatest common factor of 16685 and 1175.
235
Calculate the greatest common factor of 10395 and 35.
35
What is the greatest common factor of 1566 and 54?
54
Calculate the highest common factor of 56 and 664.
8
Calculate the greatest common divisor of 205 and 5.
5
Calculate the highest common factor of 594 and 22.
22
Calculate the highest common divisor of 4758 and 130.
26
Calculate the highest common divisor of 2937 and 132.
33
What is the greatest common factor of 50 and 4710?
10
What is the greatest common factor of 54 and 348?
6
What is the greatest common divisor of 98 and 112?
14
Calculate the greatest common factor of 575 and 25.
25
Calculate the highest common factor of 228 and 30.
6
What is the highest common factor of 30 and 130?
10
What is the highest common divisor of 4556 and 68?
68
What is the highest common factor of 1100 and 10175?
275
Calculate the highest common factor of 1716 and 546.
78
Calculate the highest common divisor of 342 and 72.
18
What is the highest common divisor of 728 and 49?
7
Calculate the highest common divisor of 390 and 330.
30
Calculate the highest common divisor of 2294 and 310.
62
Calculate the highest common divisor of 112 and 16.
16
Calculate the highest common divisor of 162 and 72.
18
Calculate the greatest common factor of 1848 and 63.
21
Calculate the highest common divisor of 245 and 1.
1
Calculate the highest common divisor of 759 and 897.
69
Calculate the greatest common factor of 207 and 9.
9
What is the greatest common factor of 324 and 12?
12
Calculate the highest common factor of 2799 and 27.
9
Calculate the highest common factor of 130 and 5.
5
Calculate the greatest common divisor of 84 and 364.
28
What is the highest common factor of 360 and 24?
24
What is the greatest common divisor of 8 and 6824?
8
Calculate the greatest common factor of 372 and 24.
12
Calculate the highest common divisor of 234 and 351.
117
What is the greatest common factor of 141 and 3?
3
What is the greatest common factor of 2060 and 120?
20
Calculate the highest common factor of 210 and 42.
42
Calculate the highest common divisor of 819 and 117.
117
What is the greatest common factor of 30 and 120?
30
Calculate the highest common divisor of 16 and 656.
16
What is the greatest common divisor of 12 and 168?
12
Calculate the highest common factor of 3775 and 604.
151
Calculate the greatest common divisor of 138 and 42.
6
Calculate the greatest common divisor of 38 and 4199.
19
Calculate the greatest common factor of 310 and 40.
10
What is the highest common factor of 478 and 9321?
239
What is the highest common factor of 3348 and 108?
108
Calculate the highest common factor of 1275 and 15.
15
What is the greatest common divisor of 32 and 52?
4
What is the greatest common factor of 60 and 40?
20
What is the highest common factor of 184 and 64?
8
What is the highest common factor of 253 and 143?
11
What is the highest common divisor of 205 and 533?
41
Calculate the highest common factor of 6 and 498.
6
Calculate the highest common divisor of 142 and 1917.
71
Calculate the highest common divisor of 9 and 6.
3
What is the highest common factor of 10 and 640?
10
What is the highest common factor of 40 and 545?
5
Calculate the greatest common divisor of 175 and 300.
25
What is the highest common divisor of 156 and 117?
39
What is the greatest common divisor of 54 and 24?
6
What is the greatest common factor of 111 and 6771?
111
What is the greatest common factor of 3009 and 51?
51
Calculate the highest common factor of 111 and 24.
3
What is the highest common factor of 2250 and 1575?
225
Calculate the highest common factor of 527 and 93.
31
What is the greatest common divisor of 242 and 154?
22
Calculate the highest common divisor of 372 and 204.
12
What is the greatest common divisor of 4 and 596?
4
Calculate the highest common divisor of 466 and 3.
1
What is the greatest common divisor of 992 and 31?
31
Calculate the highest common factor of 104 and 130.
26
Calculate the greatest common factor of 312 and 156.
156
What is the greatest common divisor of 6 and 2847?
3
What is the greatest common divisor of 20 and 20?
20
What is the greatest common divisor of 592 and 37?
37
What is the greatest common factor of 1872 and 180?
36
What is the greatest common factor of 40 and 264?
8
What is the highest common factor of 960 and 5?
5
What is the highest common factor of 105 and 665?
35
Calculate the greatest common factor of 1856 and 261.
29
Calculate the greatest common factor of 72 and 40.
8
What is the highest common factor of 14 and 14?
14
What is the highest common divisor of 8 and 692?
4
What is the greatest common divisor of 35 and 9?
1
Calculate the greatest common factor of 2940 and 3220.
140
What is the highest common factor of 139 and 3?
1
What is the greatest common divisor of 18 and 116?
2
Calculate the greatest common factor of 40 and 52.
4
What is the highest common divisor of 680 and 40?
40
Calculate the highest common factor of 250 and 80.
10
Calculate the highest common factor of 28 and 2282.
14
Calculate the highest common divisor of 297 and 63855.
297
What is the highest common factor of 11176 and 33?
11
Calculate the highest common divisor of 29 and 232.
29
What is the highest common divisor of 2822 and 34?
34
Calculate the greatest common factor of 2976 and 48.
48
What is the highest common divisor of 405 and 180?
45
Calculate the highest common divisor of 754 and 234.
26
Calculate the highest common divisor of 70 and 3710.
70
What is the highest common divisor of 23 and 4?
1
Calculate the greatest common factor of 3933 and 9.
9
Calculate the highest common divisor of 304 and 988.
76
Calculate the greatest common divisor of 13 and 3445.
13
Calculate the highest common divisor of 7209 and 243.
81
What is the greatest common factor of 177 and 5487?
177
What is the greatest common divisor of 623 and 178?
89
Calculate the highest common factor of 330 and 90.
30
Calculate the highest common factor of 8668 and 44.
44
What is the greatest common factor of 156 and 832?
52
What is the highest common divisor of 20 and 305?
5
What is the greatest common factor of 34 and 6?
2
What is the highest common divisor of 105 and 105?
105
Calculate the highest common divisor of 39 and 26.
13
What is the greatest common divisor of 4134 and 53?
53
What is the greatest common factor of 7871 and 17?
17
What is the greatest common divisor of 1312 and 1435?
41
What is the greatest common factor of 168 and 48?
24
What is the greatest comm